{"id":263,"date":"2017-10-27T11:18:23","date_gmt":"2017-10-27T11:18:23","guid":{"rendered":"http:\/\/www.qi-nesio.com\/?page_id=263"},"modified":"2019-10-08T23:59:35","modified_gmt":"2019-10-08T21:59:35","slug":"qui-suis-je","status":"publish","type":"page","link":"https:\/\/qi-nesio.com\/index.php\/qui-suis-je\/","title":{"rendered":"Qui-suis-je"},"content":{"rendered":"<p>[vc_row][vc_column icons_position=\u00a0\u00bbleft\u00a0\u00bb]<div id=\"sc_title_2137171521\"\n\t\tclass=\"sc_title color_style_default sc_title_modern\"><h2 class=\"sc_item_title sc_title_title sc_align_center sc_item_title_style_modern sc_item_title_tag\">Mon Histoire<\/h2><\/div><!-- \/.sc_title -->[vc_empty_space height=\u00a0\u00bb2em\u00a0\u00bb alter_height=\u00a0\u00bbnone\u00a0\u00bb hide_on_desktop=\u00a0\u00bb\u00a0\u00bb hide_on_notebook=\u00a0\u00bb\u00a0\u00bb hide_on_tablet=\u00a0\u00bb\u00a0\u00bb hide_on_mobile=\u00a0\u00bb\u00a0\u00bb][vc_empty_space height=\u00a0\u00bb2.1em\u00a0\u00bb alter_height=\u00a0\u00bbnone\u00a0\u00bb hide_on_desktop=\u00a0\u00bb\u00a0\u00bb hide_on_notebook=\u00a0\u00bb\u00a0\u00bb hide_on_tablet=\u00a0\u00bb1&Prime; hide_on_mobile=\u00a0\u00bb1&Prime;][vc_tta_tabs alignment=\u00a0\u00bbcenter\u00a0\u00bb active_section=\u00a0\u00bb1&Prime; no_fill_content_area=\u00a0\u00bbtrue\u00a0\u00bb][vc_tta_section title=\u00a0\u00bbQui-suis-je?\u00a0\u00bb tab_id=\u00a0\u00bb1509097109031-3a20629a-771d\u00a0\u00bb][vc_column_text]Je suis une maman de 45 ans, j\u2019ai commenc\u00e9 ma vie professionnelle dans l\u2019immobilier \u00e0 Montpellier, puis j\u2019ai travaill\u00e9 en Afrique de l\u2019Est pendant 8 ans au Kenya (Naivasha) et en Tanzanie (Arusha) sur des exploitations horticoles (en charge de la logistique) et parall\u00e8lement j\u2019ai \u00e9t\u00e9 2 ans assistante de fran\u00e7ais \u00e0 l\u2019\u00e9cole primaire d\u2019Oserian \u00e0 Naivasha.<\/p>\n<p>Je garde de ces ann\u00e9es \u00e0 l\u2019\u00e9tranger des exp\u00e9riences inoubliables, des souvenirs merveilleux et une certaine m\u00e9lancolie.<\/p>\n<p>Je suis rentr\u00e9e en France pour m\u2019adonner \u00e0 une passion, le th\u00e9\u00e2tre, j\u2019ai fait les cours Florent et l\u2019\u00c9cole d\u2019acteur Le Magasin, puis j\u2019ai repris un travail plus conventionnel dans le milieu de l\u2019entreprise.[\/vc_column_text][\/vc_tta_section][vc_tta_section title=\u00a0\u00bb2009-2011&Prime; tab_id=\u00a0\u00bb1509097109037-3a478e22-0f60&Prime;][vc_column_text]Mon premier enfant a vu le jour en 2009 , le deuxi\u00e8me a suivi 18 mois apr\u00e8s en 2011\u2026j\u2019ai pris soin d\u2019eux jusqu\u2019\u00e0 leur entr\u00e9e \u00e0 l\u2019\u00e9cole. Leur naissance a fait l\u2019objet d\u2019une remise en question sur ce qui m\u2019animait profond\u00e9ment et m\u2019a amen\u00e9 \u00e0 m\u2019interroger sur qui j\u2019\u00e9tais et quel \u00e9tait le sens de ce que j\u2019avais v\u00e9cu (j\u2019y reviendrai dans mon blog).[\/vc_column_text][\/vc_tta_section][vc_tta_section title=\u00a0\u00bb2015&Prime; tab_id=\u00a0\u00bb1509097252056-efb853ed-aea9&Prime;][vc_column_text]J\u2019ai rencontr\u00e9 la kin\u00e9siologie en 2015 qui est pour moi l\u2019alliance parfaite entre l\u2019\u00e9nerg\u00e9tique, le physique et le mental.<\/p>\n<p>Personnellement elle m\u2019a aid\u00e9 \u00e0 retrouver mon autonomie et \u00e0 abandonner des sch\u00e9mas dans lesquels je me sentais prisonni\u00e8re.<\/p>\n<p>J\u2019ai commenc\u00e9 ma formation en kin\u00e9siologie apr\u00e8s seulement deux s\u00e9ances et ma reconversion professionnelle s\u2019est faite naturellement.<\/p>\n<p>Avant cela je me suis beaucoup int\u00e9ress\u00e9e \u00e0 la pratique des soins \u00e9nerg\u00e9tiques (magn\u00e9tisme, soins \u00e9nerg\u00e9tiques, Reiki) ( nombreux stages et formations avec des membres du Gnoma, <a href=\"https:\/\/gnoma-snamap.fr\/\">https:\/\/gnoma-snamap.fr\/<\/a>, ) ainsi qu\u2019au chamanisme (FSS, <a href=\"http:\/\/www.chamanisme-fss.org\/\">http:\/\/www.chamanisme-fss.org\/<\/a>)[\/vc_column_text][\/vc_tta_section][vc_tta_section title=\u00a0\u00bbAujourd&rsquo;hui\u00a0\u00bb tab_id=\u00a0\u00bb1509097261253-f453bbbb-7ee6&Prime;][vc_column_text]Convaincue par ces pratiques et l\u2019infini des compr\u00e9hensions multiples qu\u2019elles peuvent nous apporter, il me manquait une technique qui s\u2019inscrive un peu plus dans la mati\u00e8re, autant pour mon \u00e9quilibre personnel que pour celui de mes consultants. La kin\u00e9siologie est donc la r\u00e9ponse \u00e0 ce besoin et je trouve une harmonie certaine \u00e0 ces diff\u00e9rentes techniques.<\/p>\n<p>Je suis praticienne mais aussi instructrice en TFH, Touch For Health qui est la base de la kin\u00e9siologie. Je donne des formations en THF (TFH 1-4) certifi\u00e9es par IKC, International Kinesology College, https:\/\/cloud.ikc.global\/find-a-class.<\/p>\n<p>Je continue \u00e0 me former \u00e0 diff\u00e9rentes m\u00e9thodes de kin\u00e9siologie (stress release,\u2026) et je souhaite \u00eatre instructrice de Brain Gym.[\/vc_column_text][\/vc_tta_section][vc_tta_section title=\u00a0\u00bbMes centres d\u2019int\u00e9r\u00eats\u00a0\u00bb tab_id=\u00a0\u00bb1509097272060-bb1ba243-a52d\u00a0\u00bb][vc_column_text]Je pratique autant que je peux la m\u00e9ditation MBSR (formation avec Christian Gicquel, <a href=\"https:\/\/www.christiangicquel.fr\/#mbsr\">https:\/\/www.christiangicquel.fr\/#mbsr<\/a>) et les promenades en for\u00eat.<\/p>\n<p>Je vais au moins une fois par semaine au th\u00e9\u00e2tre seule ou en famille et j\u2019emm\u00e8ne mes enfants le plus souvent possible visiter des expositions, des monuments et des quartiers historiques.<\/p>\n<p>Je voyage aussi beaucoup avec mes enfants (Indon\u00e9sie, Islande, Turquie, Guadeloupe, \u00eele Maurice, \u00c9gypte, Portugal, France, Duba\u00ef, les Pays Bas,ets\u2026),c\u2019est un excellent moyen d\u2019apprendre sur les autres, des autres et sur soi.[\/vc_column_text][\/vc_tta_section][\/vc_tta_tabs][vc_empty_space height=\u00a0\u00bb2em\u00a0\u00bb alter_height=\u00a0\u00bbnone\u00a0\u00bb hide_on_desktop=\u00a0\u00bb\u00a0\u00bb hide_on_notebook=\u00a0\u00bb\u00a0\u00bb hide_on_tablet=\u00a0\u00bb\u00a0\u00bb hide_on_mobile=\u00a0\u00bb\u00a0\u00bb][vc_empty_space height=\u00a0\u00bb3.1em\u00a0\u00bb alter_height=\u00a0\u00bbnone\u00a0\u00bb hide_on_desktop=\u00a0\u00bb\u00a0\u00bb hide_on_notebook=\u00a0\u00bb\u00a0\u00bb hide_on_tablet=\u00a0\u00bb1&Prime; hide_on_mobile=\u00a0\u00bb1&Prime;][\/vc_column][\/vc_row][vc_row full_width=\u00a0\u00bbstretch_row_content_no_spaces\u00a0\u00bb equal_height=\u00a0\u00bbyes\u00a0\u00bb content_placement=\u00a0\u00bbmiddle\u00a0\u00bb hide_bg_image_on_tablet=\u00a0\u00bb\u00a0\u00bb hide_bg_image_on_mobile=\u00a0\u00bb\u00a0\u00bb css=\u00a0\u00bb.vc_custom_1522055821920{background-image: url(http:\/\/www.qi-nesio.com\/wp-content\/uploads\/2017\/10\/about2_bg.jpg?id=503) !important;background-position: center !important;background-repeat: no-repeat !important;background-size: cover !important;}\u00a0\u00bb][vc_column width=\u00a0\u00bb1\/2&Prime; scheme=\u00a0\u00bbdark\u00a0\u00bb icons_position=\u00a0\u00bbleft\u00a0\u00bb offset=\u00a0\u00bbvc_col-lg-offset-1 vc_col-lg-5&Prime;][vc_empty_space height=\u00a0\u00bb4px\u00a0\u00bb alter_height=\u00a0\u00bbnone\u00a0\u00bb hide_on_desktop=\u00a0\u00bb\u00a0\u00bb hide_on_notebook=\u00a0\u00bb\u00a0\u00bb hide_on_tablet=\u00a0\u00bb1&Prime; hide_on_mobile=\u00a0\u00bb1&Prime;][vc_empty_space height=\u00a0\u00bb3em\u00a0\u00bb alter_height=\u00a0\u00bbnone\u00a0\u00bb hide_on_desktop=\u00a0\u00bb1&Prime; hide_on_notebook=\u00a0\u00bb1&Prime; hide_on_tablet=\u00a0\u00bb1&Prime; hide_on_mobile=\u00a0\u00bb\u00a0\u00bb]<div class=\"sc_item_button sc_button_wrap sc_align_center\"><a href=\"#video\" id=\"sc_button_1910582431\" class=\"sc_button color_style_default sc_button_modern sc_button_size_large sc_button_with_icon sc_button_icon_left\"><span class=\"sc_button_icon\"><span class=\"icon-play-button-small\"><\/span><\/span><span class=\"sc_button_text\"><span class=\"sc_button_title\">Watch my new video<\/span><span class=\"sc_button_subtitle\">and learn more about me<\/span><\/span><!-- \/.sc_button_text --><\/a><!-- \/.sc_button --><\/div><!-- \/.sc_item_button -->[\/vc_column][vc_column width=\u00a0\u00bb5\/12&Prime; icons_position=\u00a0\u00bbleft\u00a0\u00bb]<div id=\"sc_content_582390783\"\n\t\tclass=\"sc_content color_style_default sc_content_default sc_float_center sc_padding_medium sc_shift_y_medium box_shadows_content  vc_custom_1522062813262\"><div class=\"sc_content_container\"><div id=\"sc_title_1312597288\"\n\t\tclass=\"sc_title color_style_default sc_title_modern\"><h2 class=\"sc_item_title sc_title_title sc_align_left sc_item_title_style_modern sc_item_title_tag\">Skills<\/h2><div class=\"sc_item_descr sc_title_descr sc_align_left\"><p>some facts about me<\/p>\n<\/div><\/div><!-- \/.sc_title -->[vc_empty_space height=\u00a0\u00bb1.3em\u00a0\u00bb alter_height=\u00a0\u00bbnone\u00a0\u00bb hide_on_desktop=\u00a0\u00bb\u00a0\u00bb hide_on_notebook=\u00a0\u00bb\u00a0\u00bb hide_on_tablet=\u00a0\u00bb1&Prime; hide_on_mobile=\u00a0\u00bb1&Prime;][vc_empty_space height=\u00a0\u00bb1em\u00a0\u00bb alter_height=\u00a0\u00bbnone\u00a0\u00bb hide_on_desktop=\u00a0\u00bb\u00a0\u00bb hide_on_notebook=\u00a0\u00bb\u00a0\u00bb hide_on_tablet=\u00a0\u00bb\u00a0\u00bb hide_on_mobile=\u00a0\u00bb\u00a0\u00bb][vc_column_text]One of the most important factors about people&rsquo;s lives is the information of, the use of, and the growing knowledge of medicine. Medicine is a form of an art. It depends on how skillfully doctors apply their knowledge when dealing with patients.[\/vc_column_text][vc_empty_space height=\u00a0\u00bb1.5em\u00a0\u00bb alter_height=\u00a0\u00bbnone\u00a0\u00bb hide_on_desktop=\u00a0\u00bb\u00a0\u00bb hide_on_notebook=\u00a0\u00bb\u00a0\u00bb hide_on_tablet=\u00a0\u00bb1&Prime; hide_on_mobile=\u00a0\u00bb1&Prime;][vc_empty_space height=\u00a0\u00bb1.5em\u00a0\u00bb alter_height=\u00a0\u00bbnone\u00a0\u00bb hide_on_desktop=\u00a0\u00bb\u00a0\u00bb hide_on_notebook=\u00a0\u00bb\u00a0\u00bb hide_on_tablet=\u00a0\u00bb\u00a0\u00bb hide_on_mobile=\u00a0\u00bb\u00a0\u00bb][vc_progress_bar values=\u00a0\u00bb%5B%7B%22label%22%3A%22Graphic%20Design%22%2C%22value%22%3A%2278%22%7D%2C%7B%22label%22%3A%22WordPress%22%2C%22value%22%3A%2287%22%7D%2C%7B%22label%22%3A%22HTML%20%26%20CSS3%22%2C%22value%22%3A%2275%22%7D%5D\u00a0\u00bb bgcolor=\u00a0\u00bbcustom\u00a0\u00bb narrow=\u00a0\u00bb1&Prime; units=\u00a0\u00bb%\u00a0\u00bb custombgcolor=\u00a0\u00bb#da0067&Prime;]<\/div><\/div><!-- \/.sc_content -->[\/vc_column][\/vc_row][vc_row][vc_column icons_position=\u00a0\u00bbleft\u00a0\u00bb][vc_empty_space height=\u00a0\u00bb7em\u00a0\u00bb alter_height=\u00a0\u00bbnone\u00a0\u00bb hide_on_desktop=\u00a0\u00bb\u00a0\u00bb hide_on_notebook=\u00a0\u00bb\u00a0\u00bb hide_on_tablet=\u00a0\u00bb\u00a0\u00bb hide_on_mobile=\u00a0\u00bb\u00a0\u00bb][vc_empty_space height=\u00a0\u00bb7.35em\u00a0\u00bb alter_height=\u00a0\u00bbnone\u00a0\u00bb hide_on_desktop=\u00a0\u00bb\u00a0\u00bb hide_on_notebook=\u00a0\u00bb\u00a0\u00bb hide_on_tablet=\u00a0\u00bb1&Prime; hide_on_mobile=\u00a0\u00bb1&Prime;]<div id=\"sc_title_867012677\"\n\t\tclass=\"sc_title color_style_default sc_title_modern\"><h2 class=\"sc_item_title sc_title_title sc_align_center sc_item_title_style_modern sc_item_title_tag\">Why People Choose Me<\/h2><div class=\"sc_item_descr sc_title_descr sc_align_center\"><p>when quality matters to you<\/p>\n<\/div><\/div><!-- \/.sc_title -->[vc_empty_space height=\u00a0\u00bb2.2em\u00a0\u00bb alter_height=\u00a0\u00bbnone\u00a0\u00bb hide_on_desktop=\u00a0\u00bb\u00a0\u00bb hide_on_notebook=\u00a0\u00bb\u00a0\u00bb hide_on_tablet=\u00a0\u00bb1&Prime; hide_on_mobile=\u00a0\u00bb1&Prime;][vc_empty_space height=\u00a0\u00bb2em\u00a0\u00bb alter_height=\u00a0\u00bbnone\u00a0\u00bb hide_on_desktop=\u00a0\u00bb\u00a0\u00bb hide_on_notebook=\u00a0\u00bb\u00a0\u00bb hide_on_tablet=\u00a0\u00bb\u00a0\u00bb hide_on_mobile=\u00a0\u00bb\u00a0\u00bb]<div id=\"widget_slider_908960326\" class=\"widget_area sc_widget_slider vc_widget_slider wpb_content_element\"><aside id=\"widget_slider_908960326_widget\" class=\"widget widget_slider\">\t\t\t<div class=\"slider_wrap slider_engine_swiper\">\n\t\t\t\t<div id=\"widget_slider_908960326_outer\" class=\"slider_outer slider_swiper_outer slider_style_default slider_outer_direction_horizontal slider_outer_one slider_outer_nopagination slider_outer_controls slider_outer_controls_side slider_outer_titles_center\"><div id=\"widget_slider_908960326_swiper\" class=\"slider_container slider_swiper swiper-slider-container slider_controls slider_controls_side slider_titles_center slider_resize slider_height_auto slider_direction_horizontal slider_nopagination slider_one slider_type_bg\" data-ratio=\"16:9\" data-interval=\"6000\" data-effect=\"slide\" data-pagination=\"bullets\" data-direction=\"horizontal\" data-slides-per-view=\"1\" data-slides-space=\"0\" data-slides-min-width=\"250\"><div class=\"slider-wrapper swiper-wrapper\"><div  class=\"slider-slide swiper-slide\" data-image=\"https:\/\/qi-nesio.com\/wp-content\/uploads\/2017\/10\/img_1.jpg\" style=\"background-image:url(https:\/\/qi-nesio.com\/wp-content\/uploads\/2017\/10\/img_1.jpg);\"><\/div><div  class=\"slider-slide swiper-slide\" data-image=\"https:\/\/qi-nesio.com\/wp-content\/uploads\/2017\/10\/img_2.jpg\" style=\"background-image:url(https:\/\/qi-nesio.com\/wp-content\/uploads\/2017\/10\/img_2.jpg);\"><\/div><div  class=\"slider-slide swiper-slide\" data-image=\"https:\/\/qi-nesio.com\/wp-content\/uploads\/2017\/10\/img_3.jpg\" style=\"background-image:url(https:\/\/qi-nesio.com\/wp-content\/uploads\/2017\/10\/img_3.jpg);\"><\/div><\/div><!-- \/.slider-wrapper --><div class=\"slider_controls_wrap\"><a class=\"slider_prev swiper-button-prev\" href=\"#\"><\/a><a class=\"slider_next swiper-button-next\" href=\"#\"><\/a><\/div><\/div><!-- \/.slider_container --><\/div><!-- \/.slider_outer -->\t\t\t<\/div>\n\t\t\t<\/aside><\/div>[\/vc_column][\/vc_row][vc_row][vc_column icons_position=\u00a0\u00bbleft\u00a0\u00bb][vc_empty_space height=\u00a0\u00bb3em\u00a0\u00bb alter_height=\u00a0\u00bbnone\u00a0\u00bb hide_on_desktop=\u00a0\u00bb\u00a0\u00bb hide_on_notebook=\u00a0\u00bb\u00a0\u00bb hide_on_tablet=\u00a0\u00bb\u00a0\u00bb hide_on_mobile=\u00a0\u00bb\u00a0\u00bb][vc_empty_space height=\u00a0\u00bb4.55em\u00a0\u00bb alter_height=\u00a0\u00bbnone\u00a0\u00bb hide_on_desktop=\u00a0\u00bb\u00a0\u00bb hide_on_notebook=\u00a0\u00bb\u00a0\u00bb hide_on_tablet=\u00a0\u00bb1&Prime; hide_on_mobile=\u00a0\u00bb1&Prime;]<div id=\"sc_title_985532281\"\n\t\tclass=\"sc_title color_style_default sc_title_modern\"><h2 class=\"sc_item_title sc_title_title sc_align_center sc_item_title_style_modern sc_item_title_tag\">My Certificate<\/h2><div class=\"sc_item_descr sc_title_descr sc_align_center\"><p>take a look at certificates<\/p>\n<\/div><\/div><!-- \/.sc_title -->[vc_empty_space height=\u00a0\u00bb2em\u00a0\u00bb alter_height=\u00a0\u00bbnone\u00a0\u00bb hide_on_desktop=\u00a0\u00bb\u00a0\u00bb hide_on_notebook=\u00a0\u00bb\u00a0\u00bb hide_on_tablet=\u00a0\u00bb1&Prime; hide_on_mobile=\u00a0\u00bb1&Prime;][vc_empty_space height=\u00a0\u00bb2em\u00a0\u00bb alter_height=\u00a0\u00bbnone\u00a0\u00bb hide_on_desktop=\u00a0\u00bb\u00a0\u00bb hide_on_notebook=\u00a0\u00bb\u00a0\u00bb hide_on_tablet=\u00a0\u00bb\u00a0\u00bb hide_on_mobile=\u00a0\u00bb\u00a0\u00bb]<div id=\"widget_slider_369274355\" class=\"widget_area sc_widget_slider vc_widget_slider wpb_content_element\"><aside id=\"widget_slider_369274355_widget\" class=\"widget widget_slider\">\t\t\t<div class=\"slider_wrap slider_engine_swiper\">\n\t\t\t\t<div id=\"widget_slider_369274355_outer\" class=\"slider_outer slider_swiper_outer slider_style_default slider_outer_direction_horizontal slider_outer_multi slider_outer_pagination slider_outer_pagination_bullets slider_outer_pagination_pos_bottom_outside slider_outer_nocontrols slider_outer_titles_center\"><div id=\"widget_slider_369274355_swiper\" class=\"slider_container slider_swiper swiper-slider-container slider_nocontrols slider_titles_center slider_noresize slider_height_auto slider_direction_horizontal slider_pagination slider_pagination_bullets slider_pagination_pos_bottom_outside slider_multi slider_type_images\" data-ratio=\"16:9\" data-interval=\"6000\" data-effect=\"slide\" data-pagination=\"bullets\" data-direction=\"horizontal\" data-slides-per-view=\"3\" data-slides-space=\"50\" data-slides-min-width=\"250\"><div class=\"slider-wrapper swiper-wrapper\"><div  class=\"slider-slide swiper-slide\" data-image=\"https:\/\/qi-nesio.com\/wp-content\/uploads\/2017\/10\/cert-1.jpg\" style=\"\"><img decoding=\"async\" src=\"https:\/\/qi-nesio.com\/wp-content\/uploads\/2017\/10\/cert-1.jpg\" alt=\"\"><\/div><div  class=\"slider-slide swiper-slide\" data-image=\"https:\/\/qi-nesio.com\/wp-content\/uploads\/2017\/10\/cert-3.jpg\" style=\"\"><img decoding=\"async\" src=\"https:\/\/qi-nesio.com\/wp-content\/uploads\/2017\/10\/cert-3.jpg\" alt=\"\"><\/div><div  class=\"slider-slide swiper-slide\" data-image=\"https:\/\/qi-nesio.com\/wp-content\/uploads\/2017\/10\/cert-2.jpg\" style=\"\"><img decoding=\"async\" src=\"https:\/\/qi-nesio.com\/wp-content\/uploads\/2017\/10\/cert-2.jpg\" alt=\"\"><\/div><div  class=\"slider-slide swiper-slide\" data-image=\"https:\/\/qi-nesio.com\/wp-content\/uploads\/2017\/10\/cert-1.jpg\" style=\"\"><img decoding=\"async\" src=\"https:\/\/qi-nesio.com\/wp-content\/uploads\/2017\/10\/cert-1.jpg\" alt=\"\"><\/div><\/div><!-- \/.slider-wrapper --><\/div><!-- \/.slider_container --><div class=\"slider_pagination_wrap swiper-pagination\"><\/div><\/div><!-- \/.slider_outer -->\t\t\t<\/div>\n\t\t\t<\/aside><\/div>[\/vc_column][\/vc_row] <\/p>\n","protected":false},"excerpt":{"rendered":"<p>[vc_row][vc_column icons_position=\u00a0\u00bbleft\u00a0\u00bb][vc_empty_space height=\u00a0\u00bb2em\u00a0\u00bb alter_height=\u00a0\u00bbnone\u00a0\u00bb hide_on_desktop=\u00a0\u00bb\u00a0\u00bb hide_on_notebook=\u00a0\u00bb\u00a0\u00bb hide_on_tablet=\u00a0\u00bb\u00a0\u00bb hide_on_mobile=\u00a0\u00bb\u00a0\u00bb][vc_empty_space height=\u00a0\u00bb2.1em\u00a0\u00bb alter_height=\u00a0\u00bbnone\u00a0\u00bb hide_on_desktop=\u00a0\u00bb\u00a0\u00bb hide_on_notebook=\u00a0\u00bb\u00a0\u00bb hide_on_tablet=\u00a0\u00bb1&Prime; hide_on_mobile=\u00a0\u00bb1&Prime;][vc_tta_tabs alignment=\u00a0\u00bbcenter\u00a0\u00bb&hellip;<\/p>\n","protected":false},"author":1,"featured_media":0,"parent":0,"menu_order":0,"comment_status":"closed","ping_status":"closed","template":"","meta":{"footnotes":""},"class_list":["post-263","page","type-page","status-publish","hentry"],"_links":{"self":[{"href":"https:\/\/qi-nesio.com\/index.php\/wp-json\/wp\/v2\/pages\/263","targetHints":{"allow":["GET"]}}],"collection":[{"href":"https:\/\/qi-nesio.com\/index.php\/wp-json\/wp\/v2\/pages"}],"about":[{"href":"https:\/\/qi-nesio.com\/index.php\/wp-json\/wp\/v2\/types\/page"}],"author":[{"embeddable":true,"href":"https:\/\/qi-nesio.com\/index.php\/wp-json\/wp\/v2\/users\/1"}],"replies":[{"embeddable":true,"href":"https:\/\/qi-nesio.com\/index.php\/wp-json\/wp\/v2\/comments?post=263"}],"version-history":[{"count":6,"href":"https:\/\/qi-nesio.com\/index.php\/wp-json\/wp\/v2\/pages\/263\/revisions"}],"predecessor-version":[{"id":1234,"href":"https:\/\/qi-nesio.com\/index.php\/wp-json\/wp\/v2\/pages\/263\/revisions\/1234"}],"wp:attachment":[{"href":"https:\/\/qi-nesio.com\/index.php\/wp-json\/wp\/v2\/media?parent=263"}],"curies":[{"name":"wp","href":"https:\/\/api.w.org\/{rel}","templated":true}]}}